igit of 2123924?
9
What is the units digit of 376410?
0
What is the ten thousands digit of 2373606?
7
What is the tens digit of 6266126?
2
What is the units digit of 360726?
6
What is the hundreds digit of 15765560?
5
What is the hundreds digit of 381067?
0
What is the thousands digit of 1438082?
8
What is the ten thousands digit of 6394251?
9
What is the hundreds digit of 8557552?
5
What is the ten thousands digit of 1973817?
7
What is the hundred thousands digit of 5141413?
1
What is the tens digit of 876956?
5
What is the units digit of 1452616?
6
What is the units digit of 12296213?
3
What is the thousands digit of 1249419?
9
What is the millions digit of 3665051?
3
What is the millions digit of 2402481?
2
What is the ten thousands digit of 10269283?
6
What is the thousands digit of 446037?
6
What is the hundred thousands digit of 643791?
6
What is the ten thousands digit of 150003?
5
What is the millions digit of 10628233?
0
What is the millions digit of 1868581?
1
What is the millions digit of 2226209?
2
What is the hundred thousands digit of 2043443?
0
What is the units digit of 1534342?
2
What is the millions digit of 3149570?
3
What is the units digit of 51723?
3
What is the hundred thousands digit of 122200?
1
What is the tens digit of 302136?
3
What is the units digit of 2041552?
2
What is the thousands digit of 1616077?
6
What is the tens digit of 1165594?
9
What is the ten thousands digit of 15401100?
0
What is the thousands digit of 8829299?
9
What is the thousands digit of 91311?
1
What is the hundred thousands digit of 288547?
2
What is the hundreds digit of 1324575?
5
What is the hundred thousands digit of 151421?
1
What is the hundred thousands digit of 207479?
2
What is the tens digit of 764297?
9
What is the hundred thousands digit of 5471941?
4
What is the hundreds digit of 1881601?
6
What is the thousands digit of 87453?
7
What is the ten thousands digit of 81112?
8
What is the hundred thousands digit of 414396?
4
What is the ten thousands digit of 252356?
5
What is the tens digit of 641404?
0
What is the thousands digit of 9604484?
4
What is the millions digit of 6837302?
6
What is the ten thousands digit of 7478051?
7
What is the ten thousands digit of 191287?
9
What is the hundreds digit of 42827?
8
What is the ten thousands digit of 6538146?
3
What is the units digit of 4556090?
0
What is the thousands digit of 769190?
9
What is the hundred thousands digit of 7268698?
2
What is the thousands digit of 243693?
3
What is the hundreds digit of 2181006?
0
What is the tens digit of 12136364?
6
What is the thousands digit of 4685807?
5
What is the hundreds digit of 502752?
7
What is the thousands digit of 278859?
8
What is the millions digit of 1319587?
1
What is the thousands digit of 24028792?
8
What is the tens digit of 10819008?
0
What is the hundreds digit of 4250209?
2
What is the hundreds digit of 418537?
5
What is the thousands digit of 270042?
0
What is the hundreds digit of 218973?
9
What is the hundred thousands digit of 5391220?
3
What is the millions digit of 4765379?
4
What is the units digit of 274482?
2
What is the thousands digit of 1835284?
5
What is the ten thousands digit of 369217?
6
What is the units digit of 347301?
1
What is the thousands digit of 96107?
6
What is the thousands digit of 111736?
1
What is the units digit of 2847597?
7
What is the hundreds digit of 24400634?
6
What is the thousands digit of 1097118?
7
What is the thousands digit of 365151?
5
What is the ten thousands digit of 728596?
2
What is the hundred thousands digit of 284570?
2
What is the hundreds digit of 578517?
5
What is the units digit of 369555?
5
What is the hundreds digit of 2553459?
4
What is the thousands digit of 2504047?
4
What is the tens digit of 812638?
3
What is the ten thousands digit of 44328?
4
What is the hundreds digit of 5706?
7
What is the hundreds digit of 7397129?
1
What is the hundreds digit of 728983?
9
What is the units digit of 276264?
4
What is the ten thousands digit of 376251?
7
What is the units digit of 492746?
6
What is the tens digit of 472227?
2
What is the ten thousands digit of 386947?
8
What is the thousands digit of 2670197?
0
What is the ten millions digit of 11130849?
1
What is the millions digit of 1384391?
1
What is the thousands digit of 74149?
4
What is the thousands digit of 29752?
9
What is the units digit of 778552?
2
What is the ten thousands digit of 5699121?
9
What is the hundred thousands digit of 323443?
3
What is the thousands digit of 516004?
6
What is the hundreds digit of 408609?
6
What is the hundreds digit of 15124701?
7
What is the ten thousands digit of 1498222?
9
What is the thousands digit of 145154?
5
What is the thousands digit of 544846?
4
What is the ten thousands digit of 1706900?
0
What is the hundreds digit of 80714?
7
What is the hundred thousands digit of 4200777?
2
What is the thousands digit of 1016164?
6
What is the units digit of 4207166?
6
What is the ten thousands digit of 316311?
1
What is the tens digit of 14679668?
6
What is the units digit of 509594?
4
What is the tens digit of 258143?
4
What is the thousands digit of 4012235?
2
What is the units digit of 1257789?
9
What is the thousands digit of 2111812?
1
What is the hundreds digit of 14105?
1
What is the thousands digit of 389703?
9
What is the thousands digit of 172241?
2
What is the hundred thousands digit of 123549?
1
What is the thousands digit of 107394?
7
What is the thousands digit of 235507?
5
What is the tens digit of 198439?
3
What is the units digit of 937846?
6
What is the hundreds digit of 86635?
6
What is the thousands digit of 338724?
8
What is the units digit of 202409?
9
What is the millions digit of 3147067?
3
What is the units digit of 572641?
1
What is the units digit of 659719?
9
What is the ten thousands digit of 73957?
7
What is the thousands digit of 417225?
7
What is the tens digit of 625886?
8
What is the units digit of 2183872?
2
What is the hundred thousands digit of 901715?
9
What is the thousands digit of 127569?
7
What is the millions digit of 1169791?
1
What is the hundreds digit of 13652036?
0
What is the ten thousands digit of 252437?
5
What is the units digit of 4559540?
0
What is the units digit of 34045?
5
What is the units digit of 9765531?
1
What is the hundreds digit of 800834?
8
What is the units digit of 1782066?
6
What is the thousands digit of 41771?
1
What is the millions digit of 5778479?
5
What is the thousands digit of 3011950?
1
What is the thousands digit of 14769340?
9
What is the thousands digit of 5299234?
9
What is the units digit of 7507620?
0
What is the millions digit of 36670653?
6
What is the hundreds digit of 527367?
3
What is the hundreds digit of 872966?
9
What is the thousands digit of 466258?
6
What is the units digit of 7435441?
1
What is the hundreds digit of 391042?
0
What is the ten thousands digit of 4832065?
3
What is the tens digit of 158103?
0
What is the units digit of 4495567?
7
What is the tens digit of 984059?
5
What is the millions digit of 8538558?
8
What is the millions digit of 1968056?
1
What is the thousands digit of 28011579?
1
What is the units digit of 425447?
7
What is the thousands digit of 501280?
1
What is the millions digit of 26828108?
6
What is the ten thousands digit of 515951?
1
What is the hundreds digit of 830772?
7
What is the hundred thousands digit of 795062?
7
What is the hundred thousands digit of 6044153?
0
What is the units digit of 5262134?
4
What is the hundred thousands digit of 5279987?
2
What is the tens digit of 1154096?
9
What is the units digit of 228276?
6
What is the units digit of 265360?
0
What is the hundreds digit of 175549?
5
What is the hundred thousands digit of 974415?
9
What is the tens digit of 936146?
4
What is the tens digit of 88815?
1
What is the units digit of 163360?
0
What is the hundreds digit of 89961?
9
What is the hundred thousands digit of 162169?
1
What is the ten thousands digit of 98041?
9
What is the hundreds digit of 362001?
0
What is the hundreds digit of 1403733?
7
What is the hundreds digit of 35051?
0
What is the hundred thousands digit of 3154936?
1
What is the hundreds digit of 2928?
9
What is the ten thousands digit of 8260669?
6
What is the mill